{"id":280,"date":"2022-10-12T10:11:35","date_gmt":"2022-10-12T10:11:35","guid":{"rendered":"https:\/\/fbart.pl\/?page_id=280"},"modified":"2022-10-12T13:56:56","modified_gmt":"2022-10-12T13:56:56","slug":"280-2","status":"publish","type":"page","link":"https:\/\/fbart.pl\/?page_id=280","title":{"rendered":"RODO"},"content":{"rendered":"<p>[et_pb_section fb_built=&#8221;1&#8243; _builder_version=&#8221;4.14.8&#8243; _module_preset=&#8221;default&#8221; custom_padding=&#8221;0px|||||&#8221; global_colors_info=&#8221;{}&#8221;][et_pb_row _builder_version=&#8221;4.14.8&#8243; _module_preset=&#8221;default&#8221; custom_padding=&#8221;70px||7px|||&#8221; global_colors_info=&#8221;{}&#8221;][et_pb_column type=&#8221;4_4&#8243; _builder_version=&#8221;4.14.8&#8243; _module_preset=&#8221;default&#8221; global_colors_info=&#8221;{}&#8221;][et_pb_text _builder_version=&#8221;4.14.8&#8243; _module_preset=&#8221;default&#8221; custom_padding=&#8221;|110px||110px||&#8221; hover_enabled=&#8221;0&#8243; global_colors_info=&#8221;{}&#8221; custom_padding_last_edited=&#8221;on|phone&#8221; sticky_enabled=&#8221;0&#8243; custom_padding_phone=&#8221;|0px||0px|false|false&#8221; custom_padding_tablet=&#8221;|110px||110px||&#8221;]<\/p>\n<h2 class=\"p1\" style=\"text-align: center;\"><b>Klauzula informacyjna <\/b><\/h2>\n<h3 class=\"p1\" style=\"text-align: center;\"><b>o przetwarzaniu danych<\/b><\/h3>\n<p style=\"text-align: center;\"><b><\/b><\/p>\n<p class=\"p3\" style=\"text-align: center;\">Na<span class=\"s1\"> <\/span>podstawie<span class=\"s1\"> <\/span>art.<span class=\"s1\"> <\/span>13<span class=\"s1\"> <\/span>ust.<span class=\"s1\"> <\/span>1<span class=\"s1\"> <\/span>i<span class=\"s1\"> <\/span>ust.<span class=\"s1\"> <\/span>2<span class=\"s1\"> <\/span>Rozporz\u0105dzenia<span class=\"s1\"> <\/span><span class=\"s2\">Parlamentu<\/span><span class=\"s1\"> <\/span>Europejskiego<span class=\"s1\"> <\/span>i<span class=\"s1\"> <\/span>Rady<span class=\"s1\"> <\/span>(UE)<span class=\"s1\"> <\/span>2016\/679<span class=\"s1\"> <\/span>z<span class=\"s1\"> <\/span>27 kwietnia 2016<span class=\"s1\"> <\/span><span class=\"s3\">r. <\/span>w<span class=\"s4\"> <\/span>sprawie<span class=\"s4\"> <\/span>ochrony<span class=\"s4\"> <\/span>os\u00f3b<span class=\"s4\"> <\/span>fizycznych<span class=\"s4\"> <\/span>w<span class=\"s4\"> <\/span>zwi\u0105zku<span class=\"s4\"> <\/span>z<span class=\"s4\"> <\/span>przetwarzaniem<span class=\"s4\"> <\/span>danych<span class=\"s4\"> <\/span>osobowych<span class=\"s4\"> <\/span>i<span class=\"s4\"> <\/span>w<span class=\"s4\"> <\/span>sprawie<span class=\"s4\"> <\/span>swobodnego przep\u0142ywu takich danych oraz uchylenia dyrektywy 95\/46\/WE (dalej: RODO), informuj\u0119,<span class=\"s5\"> <\/span>\u017ce:<\/p>\n<p class=\"p5\" style=\"text-align: center;\"><b>Administrator danych:<\/b><\/p>\n<p class=\"p3\" style=\"text-align: center;\">Administratorem Pani\/Pana danych osobowych jest Ewa K\u0142\u0119bokowska prowadz\u0105cy dzia\u0142alno\u015b\u0107 gospodarcz\u0105<span class=\"Apple-converted-space\">\u00a0 <\/span>pod firm\u0105 FB Art Dr n. med. Ewa K\u0142\u0119bokowska, z siedzib\u0105 w Lublinie przy ul. Feliksa Araszkiewicza 45\/4, kod pocztowy<br \/>20-834, tel. +48\u00a0502\u00a0734 976, NIP: 8161619134, REGON: 520844155.<\/p>\n<p class=\"p5\" style=\"text-align: center;\"><b>Cele przetwarzania danych osobowych oraz podstawa prawna przetwarzania:<\/b><\/p>\n<p class=\"p3\" style=\"text-align: left;\">Przetwarzanie Pani\/Pana danych osobowych podawanych przed wykonaniem us\u0142ugi, odbywa\u0107 si\u0119 b\u0119dzie wy\u0142\u0105cznie<br \/>w celu:<\/p>\n<ul class=\"ul1\" style=\"text-align: center;\">\n<li class=\"li5\" style=\"text-align: left;\"><span class=\"s6\"><\/span>\u015bwiadczenie us\u0142ug fizjoterapeutycznych;<\/li>\n<li class=\"li5\" style=\"text-align: left;\"><span class=\"s6\"><\/span>prowadzenie i udost\u0119pnianie dokumentacji medycznej;<\/li>\n<li class=\"li5\" style=\"text-align: left;\"><span class=\"s6\"><\/span>rozliczenie wykonanych us\u0142ug;<\/li>\n<li class=\"li5\" style=\"text-align: left;\"><span class=\"s6\"><\/span>cele kontaktowe (przypomnienie o wizycie, odwo\u0142anie wizyty itp.);<\/li>\n<li class=\"li5\" style=\"text-align: left;\"><span class=\"s6\"><\/span>dzia\u0142ania marketingowe;<\/li>\n<li class=\"li3\" style=\"text-align: left;\"><span class=\"s6\"><\/span>dochodzenia ewentualnych roszcze\u0144 w zwi\u0105zku z realizacj\u0105 us\u0142ugi &#8211; zgodnie z obowi\u0105zuj\u0105cymi przepisami prawa dotycz\u0105cymi termin\u00f3w przedawnienia roszcze\u0144 (art. 117 i nast\u0119pne kc (Dz.U. 1964, nr 16 poz. 93 ze zm.).<span class=\"Apple-converted-space\">\u00a0<\/span><\/li>\n<\/ul>\n<p class=\"p3\" style=\"text-align: center;\">Gabinet fizjoterapii FB Art Dr n. med. Ewa K\u0142\u0119bokowska, zgodnie ze wszystkimi obowi\u0105zuj\u0105cymi przepisami, dok\u0142ada wszelkich stara\u0144, aby zapewni\u0107 ich bezpiecze\u0144stwo i ochron\u0119 przed przypadkowym czy umy\u015blnym zniszczeniem, utrat\u0105, zmian\u0105, nieuprawnionym ujawnieniem, wykorzystaniem czy dost\u0119pem.<\/p>\n<p class=\"p3\" style=\"text-align: center;\"><b>Okres przechowywania danych osobowych:<\/b><\/p>\n<p class=\"p3\" style=\"text-align: center;\">Pani\/Pana dane osobowe b\u0119d\u0105 przechowywane, przez okres niezb\u0119dny do realizacji us\u0142ugi oraz co najmniej przez 20 lat (licz\u0105c od ko\u0144ca roku kalendarzowego, w kt\u00f3rym dokonano ostatniego wpisu w dokumentacji medycznej).<\/p>\n<p class=\"p3\" style=\"text-align: center;\"><b>Prawo dost\u0119pu do danych osobowych oraz wniesienia skargi do organu nadzorczego:<\/b><\/p>\n<p class=\"p3\" style=\"text-align: center;\">Posiada Pani\/Pan prawo dost\u0119pu do tre\u015bci swoich danych osobowych, prawo do ich sprostowania, usuni\u0119cia oraz prawo do ograniczenia ich przetwarzania. Ponadto tak\u017ce prawo do cofni\u0119cia zgody w dowolnym momencie bez wp\u0142ywu na zgodno\u015b\u0107 z prawem przetwarzania, prawo do przenoszenia danych, prawo do wniesienia sprzeciwu wobec przetwarzania Pani\/Pana danych osobowych oraz prawo<span class=\"Apple-converted-space\">\u00a0 <\/span>wniesienia<span class=\"Apple-converted-space\">\u00a0 <\/span>skargi<span class=\"Apple-converted-space\">\u00a0 <\/span>do organu nadzorczego, gdy<span class=\"s7\"> <\/span>uzna<span class=\"s7\"> <\/span>Pani\/Pan,<span class=\"s7\"> <\/span>i\u017c<span class=\"s7\"> <\/span>przetwarzanie<span class=\"s7\"> <\/span>danych<span class=\"s7\"> <\/span>osobowych<span class=\"s7\"> <\/span>Pani\/Pana<span class=\"s7\"> <\/span>dotycz\u0105cych narusza przepisy<span class=\"s2\"> <\/span>RODO. Przys\u0142uguje r\u00f3wnie\u017c Pani\/Panu prawo do bycia zapomnianym, je\u015bli dalsze przetwarzanie nie b\u0119dzie przewidziane przez aktualnie obowi\u0105zuj\u0105ce przepisy prawa.<\/p>\n<p class=\"p5\" style=\"text-align: center;\"><b>Konsekwencje niepodania danych osobowych:<\/b><\/p>\n<p class=\"p3\" style=\"text-align: center;\">Podanie<span class=\"s8\"> <\/span>przez<span class=\"s8\"> <\/span>Pani\u0105\/Pana<span class=\"s8\"> <\/span>danych<span class=\"s8\"> <\/span>osobowych jest dobrowolne ale niezb\u0119dne do zawarcia umowy i realizacji us\u0142ugi oferowanej przez gabinet fizjoterapii FB Art Dr n. med. Ewa K\u0142\u0119bokowska, ul. Araszkiewicza 45\/5, 20-834 Lublin, a ich niepodanie b\u0119dzie skutkowa\u0142o<span class=\"s9\"> <\/span>niemo\u017cliwo\u015bci\u0105 wykonania zamawianej us\u0142ugi.<\/p>\n<p class=\"p5\" style=\"text-align: center;\"><b>Odbiorcy danych:<\/b><\/p>\n<p class=\"p7\" style=\"text-align: center;\">Pani\/Pana dane osobowe b\u0119d\u0105 udost\u0119pniane innym odbiorcom danych, takim jak serwisy \u015bwiadcz\u0105ce us\u0142ugi utrzymania systemu informatycznego i hostingu, dostawc\u0119 us\u0142ugi poczty elektronicznej, dostawc\u0119 us\u0142ugi mailingu itp.<span class=\"Apple-converted-space\">\u00a0<\/span><\/p>\n<p class=\"p3\" style=\"text-align: center;\">Ponadto Pani\/Pana dane osobowe mog\u0105 zosta\u0107 przekazane wy\u0142\u0105cznie pracownikom oraz wsp\u00f3\u0142pracownikom Administratora tylko w celu umo\u017cliwienia realizacji us\u0142ugi. Dane mog\u0105 by\u0107 r\u00f3wnie\u017c przekazane podmiotom uprawnionym do ich uzyskania na podstawie obowi\u0105zuj\u0105cego prawa.<span class=\"Apple-converted-space\">\u00a0<\/span><\/p>\n<p>[\/et_pb_text][\/et_pb_column][\/et_pb_row][\/et_pb_section]<\/p>\n","protected":false},"excerpt":{"rendered":"<p>Klauzula informacyjna o przetwarzaniu danych Na podstawie art. 13 ust. 1 i ust. 2 Rozporz\u0105dzenia Parlamentu Europejskiego i Rady (UE) 2016\/679 z 27 kwietnia 2016 r. w sprawie ochrony os\u00f3b fizycznych w zwi\u0105zku z przetwarzaniem danych osobowych i w sprawie swobodnego przep\u0142ywu takich danych oraz uchylenia dyrektywy 95\/46\/WE (dalej: RODO), informuj\u0119, \u017ce: Administrator danych: Administratorem [&hellip;]<\/p>\n","protected":false},"author":2,"featured_media":0,"parent":0,"menu_order":0,"comment_status":"closed","ping_status":"closed","template":"","meta":{"_et_pb_use_builder":"on","_et_pb_old_content":"","_et_gb_content_width":"","footnotes":""},"class_list":["post-280","page","type-page","status-publish","hentry"],"_links":{"self":[{"href":"https:\/\/fbart.pl\/index.php?rest_route=\/wp\/v2\/pages\/280","targetHints":{"allow":["GET"]}}],"collection":[{"href":"https:\/\/fbart.pl\/index.php?rest_route=\/wp\/v2\/pages"}],"about":[{"href":"https:\/\/fbart.pl\/index.php?rest_route=\/wp\/v2\/types\/page"}],"author":[{"embeddable":true,"href":"https:\/\/fbart.pl\/index.php?rest_route=\/wp\/v2\/users\/2"}],"replies":[{"embeddable":true,"href":"https:\/\/fbart.pl\/index.php?rest_route=%2Fwp%2Fv2%2Fcomments&post=280"}],"version-history":[{"count":6,"href":"https:\/\/fbart.pl\/index.php?rest_route=\/wp\/v2\/pages\/280\/revisions"}],"predecessor-version":[{"id":402,"href":"https:\/\/fbart.pl\/index.php?rest_route=\/wp\/v2\/pages\/280\/revisions\/402"}],"wp:attachment":[{"href":"https:\/\/fbart.pl\/index.php?rest_route=%2Fwp%2Fv2%2Fmedia&parent=280"}],"curies":[{"name":"wp","href":"https:\/\/api.w.org\/{rel}","templated":true}]}}